x) = x**2 - 14*x - 3. Calculate i(10).
-43
Let j(q) = -q**2 + 10*q - 23. Give j(9).
-14
Let l(k) = -9*k - 13. Give l(1).
-22
Let p(b) = 3*b**3 - b**2 + 1. Give p(-1).
-3
Let g(z) = -z**3 + 11*z**2 - 2*z - 1. What is g(11)?
-23
Let v(s) = s**3 + 8*s**2 + 3*s + 13. What is v(-8)?
-11
Let d(g) = g - 6. Give d(-4).
-10
Let u(f) = -f**3 - 21*f**2 - 14*f + 115. Determine u(-20).
-5
Let p(w) = -3*w**2 - 36*w + 7. What is p(-12)?
7
Let l(i) = i**2 + 5*i + 5. Give l(-4).
1
Let k(y) = y**3 + y**2 + 2. Give k(0).
2
Let k(t) = 8*t + 130. Calculate k(-20).
-30
Let j(g) = -g**3 + 5*g**2 + 2*g + 1. What is j(6)?
-23
Let m(x) = -x**3 + 2*x**2 + 7*x - 12. Determine m(3).
0
Let q(v) = -v**3 + 12*v**2 - 11*v + 19. What is q(11)?
19
Let g(p) = -6*p + 15. Determine g(10).
-45
Let t(d) = 4*d + 6. What is t(4)?
22
Let r(m) = -9*m**2 + 4*m + 10. Give r(-2).
-34
Let v(d) = -5*d**2 - 64*d + 6. What is v(-13)?
-7
Let m(v) = v**3 + 9*v**2 + 6*v + 11. What is m(-9)?
-43
Let o(x) = x**3 + 2*x**2 - x + 1. Determine o(-2).
3
Let s(a) = a**3 - 8*a**2 - 12*a + 22. Calculate s(9).
-5
Let t(m) = m**3 - m**2 - 23. What is t(0)?
-23
Let r(c) = -11*c - 134. Determine r(-18).
64
Let t(n) = -n**3 - 6*n**2 - 5*n - 19. Give t(-3).
-31
Let x(r) = 10*r + 2. What is x(-7)?
-68
Let u(n) = n**3 + 9*n**2 + 6*n - 18. What is u(-8)?
-2
Let t(j) = -2*j. Give t(-2).
4
Let m(o) = o**3 - 8*o**2 + 5*o + 5. Determine m(7).
-9
Let h(u) = -16*u - 73. What is h(-5)?
7
Let t(j) = -2*j - 25. Determine t(-14).
3
Let n(x) = x**3 + 21*x**2 - 19*x + 65. Give n(-22).
-1
Let b(c) = -c**3 + 9*c**2 - 4*c + 30. What is b(9)?
-6
Let w(s) = s**3 + 16*s**2 - 15*s + 35. Calculate w(-17).
1
Let o(w) = -w**2 - 11*w - 23. Determine o(-7).
5
Let z(r) = -r**2 - 5*r - 2. What is z(-2)?
4
Let a(h) = h**3 + 9*h**2 + 17*h - 4. Give a(-4).
8
Let z(w) = -w**3 - 68*w**2 + 62*w - 487. Calculate z(-69).
-4
Let s(l) = -2*l**2 + 15*l + 17. Calculate s(8).
9
Let y(p) = -p**2 - 6*p + 8. Determine y(-6).
8
Let b(m) = 2*m + 66. Determine b(-33).
0
Let k(s) = -s**3 + 10*s**2 - 14*s - 21. What is k(8)?
-5
Let m(j) = -j**3 - 100*j**2 - 110*j - 1095. Determine m(-99).
-6
Let u(t) = t + 14. What is u(-15)?
-1
Let g(r) = 2*r + 3. Calculate g(-3).
-3
Let t(f) = f**2 - 6. Give t(-5).
19
Let i(f) = -2*f**2 - 10*f + 2. Determine i(-5).
2
Let o(l) = -l**2 - 16*l + 10. Give o(-13).
49
Let n(r) = 9*r + 1. Determine n(1).
10
Let k(o) = o**2 + 18*o - 48. Determine k(-20).
-8
Let n(x) = x - 31. Give n(-4).
-35
Let d(v) = 2*v**2 - 28*v - 70. Determine d(15).
-40
Let d(f) = -f**3 - 8*f**2 - 3*f - 17. Give d(-8).
7
Let m(n) = n**2 + 27*n - 60. Determine m(-29).
-2
Let k(b) = -2*b**2 - 3*b - 40. What is k(7)?
-159
Let g(x) = 12*x - 169. Calculate g(14).
-1
Let i(l) = l**3 - 4*l**2 + l + 5. Determine i(4).
9
Let l(t) = -7*t - 3. Determine l(6).
-45
Let h(b) = -6*b - 2. Give h(-3).
16
Let t(u) = u**2 - 4*u + 2. Calculate t(6).
14
Let f(g) = -8*g - 34. Determine f(-3).
-10
Let l(c) = c**2 + c + 2. Give l(-6).
32
Let d(l) = -l**3 - 16*l**2 + 81*l + 24. Calculate d(-20).
4
Let f(y) = y**3 - 11*y**2 - 12*y + 4. Calculate f(12).
4
Let j(h) = 6*h + 12. Determine j(-5).
-18
Let w(s) = -9*s - 133. Give w(-12).
-25
Let y(t) = 7*t - 43. Determine y(6).
-1
Let j(q) = 78*q + 461. Calculate j(-6).
-7
Let d(y) = -y**3 - 11*y**2 + y - 2. Determine d(-11).
-13
Let i(z) = z**3 + 13*z**2 + 12*z. Determine i(-12).
0
Let y(z) = -z**3 - 9*z**2 - 18*z + 2. Calculate y(-5).
-8
Let o(j) = j**3 + 7*j**2 + 6*j - 10. Calculate o(-6).
-10
Let z(o) = 3*o**2 + 2*o - 3. Determine z(1).
2
Let y(k) = 2*k**3 + 14*k**2 - 17*k - 2. Give y(-8).
6
Let a(s) = -15*s**3 - 4*s**2 + 10*s - 7. Determine a(1).
-16
Let l(u) = 2*u**3 - 26*u**2 - u - 22. Determine l(13).
-35
Let q(g) = -g**2 + 14*g - 33. Give q(4).
7
Let l(u) = 7*u - 84. Calculate l(12).
0
Let s(u) = -u**3 + u**2 + 4*u + 7. Determine s(3).
1
Let g(c) = c**3 + 9*c**2 - c - 17. Calculate g(-9).
-8
Let f(l) = -l**2 - 14*l - 24. What is f(-9)?
21
Let f(l) = -l**2 + 3*l + 12. Determine f(5).
2
Let h(o) = o**3 + 13*o**2 + 11*o - 12. Determine h(-12).
0
Let p(w) = 6*w + 21. What is p(-5)?
-9
Let t(v) = -v**3 - 18*v**2 - 30*v + 20. Determine t(-16).
-12
Let i(w) = w + 13. Calculate i(-10).
3
Let y(l) = -2*l**2 - 73*l - 132. What is y(-35)?
-27
Let g(b) = b - 23. Give g(7).
-16
Let d(p) = -7*p + 28. What is d(5)?
-7
Let v(u) = 8*u - 27. Determine v(6).
21
Let n(p) = p**2 - 4*p - 5. Give n(5).
0
Let g(r) = -4*r**2 - 72*r + 21. Determine g(-18).
21
Let h(k) = k**3 - 6*k**2 - 31*k + 30. Determine h(9).
-6
Let t(v) = v**3 + 36*v**2 + 2*v + 65. Give t(-36).
-7
Let l(w) = -160*w - 1292. Calculate l(-8).
-12
Let x(u) = -3*u**2 - 8*u + 16. Give x(2).
-12
Let y(u) = -u**2 + 13*u + 12. What is y(11)?
34
Let t(c) = -3*c**2 + 2*c + 4. Calculate t(-2).
-12
Let l(y) = -y**2 - 9*y + 4. Determine l(-8).
12
Let n(v) = -2*v**2 - 2*v - 18. Calculate n(0).
-18
Let a(m) = m**3 - 9*m**2 - 7*m - 2. Give a(10).
28
Let r(p) = -p**3 - 22*p**2 + 48*p + 9. Determine r(-24).
9
Let l(p) = p**3 + 6*p**2 + 6*p + 27. Determine l(-6).
-9
Let n(v) = -v**2 - 1. What is n(3)?
-10
Let v(n) = -n**2 - 4*n + 2. Give v(-4).
2
Let l(h) = 20*h + 94. Determine l(-5).
-6
Let t(k) = k**3 - 9*k**2 + 11*k - 11. Determine t(8).
13
Let k(q) = 3*q + 13. Determine k(-12).
-23
Let x(f) = -f**2 + 70. What is x(9)?
-11
Let f(a) = a**3 - 7*a**2 + 3*a + 7. Give f(5).
-28
Let h(n) = 3*n**2 - 40*n - 10. Give h(12).
-58
Let h(k) = -k**3 - 5*k**2 + 3*k - 1. Calculate h(-6).
17
Let p(n) = -n**3 + 10*n**2 - 30*n + 15. Determine p(5).
-10
Let z(b) = -b**3 + 12*b**2 + 13*b - 11. What is z(13)?
-11
Let w(m) = -m**2 - 7*m + 2. Calculate w(-5).
12
Let b(r) = r**3 - 6*r**2 + 5. Determine b(6).
5
Let s(n) = 2*n**2 + 7*n - 1. Give s(-3).
-4
Let i(y) = -13*y + 76. Give i(6).
-2
Let d(m) = -m**3 + 6*m**2 - 3*m + 1. What is d(6)?
-17
Let c(g) = -g**3 + 7*g**2 + 9*g - 5. Give c(8).
3
Let t(q) = q**2 + 22*q + 82. Determine t(-18).
10
Let t(g) = g**2 - 3*g. What is t(4)?
4
Let i(v) = v**3 + 6*v**2 + 2*v - 26. Calculate i(-4).
-2
Let g(q) = 2*q + 50. Calculate g(-16).
18
Let z(l) = -l**3 - 36*l**2 + 71*l - 184. Determine z(-38).
6
Let k(s) = -3*s - 15. What is k(-5)?
0
Let n(w) = -6*w**2 + w - 1. Determine n(-1).
-8
Let a(q) = -9*q + 17. What is a(4)?
-19
Let h(v) = 2*v**3 - 4*v**2 + 3*v - 16. What is h(3)?
11
Let r(w) = 4*w + 10. Give r(7).
38
Let z(y) = -y**2 + 19*y - 19. Calculate z(13).
59
Let h(c) = c**3 - 8*c**2 - 6*c - 4. Determine h(8).
-52
Let l(j) = -j**3 - 9*j**2 - 3*j + 8. Determine l(-8).
-32
Let s(v) = -v**3 + 5*v**2 + 25*v + 9. Calculate s(8).
17
Let h(j) = j**2 - 14*j + 12. What is h(13)?
-1
Let i(y) = -y**2 - 13*y - 9. Calculate i(-8).
31
Let a(s) = s - 2. Determine a(9).
7
Let v(o) = -o**2 - 11*o + 31. Determine v(-14).
-11
Let n(u) = 82*u**2 - 3*u - 3. Give n(-1).
82
Let z(a) = 25*a - 54. What is z(2)?
-4
Let t(k) = -2*k**2 + 9*k + 18. Give t(6).
0
Let u(s) = 3*s - 3. Determine u(-3).
-12
Let l(q) = -8*q + 224. Give l(29).
-8
Let c(m) = -m**2 - 2*m + 34. Give c(5).
-1
Let x(m) = 9*m**2 + 52*m + 8. Give x(-5).
-27
Let g(h) = -8*h**3 - 3*h**2 + h + 2. What is g(-1)?
6
Let c(o) = -4*o + 112. Calculate c(0).
112
Let n(c) = -3*c**3 + c**2 - c - 2. Calculate n(-1).
3
Let m(u) = -u**2 + 4*u - 3. Calculate m(5).
-8
Let t(u) = u**3 - 3*u**2 + u + 1. Determine t(3).
4
Let r(q) = 3*q**2 + 20*q + 13. Calculate r(-8).
45
Let b(x) = -10*x + 4. Determine b(5).
-46
Let u(b) = b - 1. Determine u(-6).
-7
Let c(l) = -3*l**2 - 16*l + 5. What is c(-6)?
-7
Let a(o) = o**3 - 5*o**2 + 5*o + 4. Calculate a(4).
8
Let z(h) = -2*h + 43. Give z(-6).
55
Let x(f) = -f**3 - 18*f**2 + 19*f + 8. Calculate x(-19).
8
Let v(d) = -6*d**2 + 5*d - 5. Calculate v(4).
-81
Let b(i) = 15*i + 155. Calculate b(-9).
20
Let l(z) = -3*z. Give l(16).
-48
Let d(o) = o - 9. Calculate d(4).
-5
Let y(w) = -w**2 - 24*w + 298. Determine y(-33).
1
Let d(r) = 73*r + 2. Give d(1).
75
Let m(b) = -b**3 + 3*b**2 + 3*b + 3. Give m(3).
12
Let r(y) = -y**3 - 3*y**2 - y + 11. What is r(0)?
11
Let h(c) = c**2 + 3*c + 4. Determine h(-2).
2
Let j(l) = l - 19. Determine j(-5).
-24
Let j(q) = q**2 - 5*q + 12. What is j(4)?
8
Let s(c) = -c**3 - 10*c**2 + 11*c - 7. Calculate s(-11).
-7
Let a(s) = s**3 + 10*s**2 - 11*s - 27. Determine a(-11).
-27
Let u(p) = -10*p + 35. What